0). Let n = 11786 + -7491. Let d = n - m. Is d a composite number?
False
Suppose 36*y + 1007 = 55*y. Let d(f) = f + 74. Let v be d(0). Suppose y = k - v. Is k prime?
True
Suppose 0 = g + 11*v - 6*v - 36542, -182927 = -5*g + 6*v. Is g a prime number?
False
Suppose 2*i = 7 - 1, 0 = 5*x - 2*i - 39. Let f(t) = -3*t + 14. Let v be f(x). Let d(p) = -50*p + 23. Is d(v) composite?
False
Suppose -182*d = -170*d - 9084. Let x be 0*(1/2 + -1). Suppose -4*b + 2*q - 311 = -d, x = 4*b + 2*q - 442. Is b composite?
True
Let p be 360/660 - 27/(-11). Let z(j) = 2 + 0 + 7*j**2 + 0 + 3*j. Is z(p) prime?
False
Suppose 0 = -y - 2*i + 102, -3*i - 7 = y - 110. Suppose -2*c + y = -2*z, 5*c - 2*z = -0*c + 247. Is c a composite number?
True
Let q(y) = -2 + 5*y - 5 + 3 - 2 + 1488*y**2. Is q(-3) composite?
True
Let p be 147/42 - 1/4*-2. Suppose p*h + 13317 = k + 1200, -k + 12112 = -3*h. Is k prime?
True
Let u(a) = -a**3 - 62 - 7*a - 5*a**2 + 0*a**3 + 64. Let n be u(-4). Let m(h) = h**2 - 2*h + 17. Is m(n) a composite number?
True
Let a(v) = -6*v + 58. Let u be a(5). Is (-20)/15*(-1827)/u composite?
True
Let i(h) = 235*h - 30. Let m be i(9). Suppose -5*p - x = -5432, 4*p = 5*x + m + 2278. Is p composite?
False
Suppose 34*f - 43 = -10*f + 89. Suppose 0 = 4*d - 22 + 94. Is f/(-18) - 31989/d a composite number?
False
Suppose -17 + 5 = -4*h. Suppose 2*v + h*v + 5*y = 30, 4 = -y. Suppose 2*x = -v*x + 8796. Is x a prime number?
True
Let o(v) = 4*v**2 - 16*v - 2. Let t be o(3). Let g(n) = -n**3 - 11*n**2 - 35*n - 5. Is g(t) a composite number?
True
Suppose 350031 = 51*f - 40*f. Is f a prime number?
False
Let t(l) = -6*l**2 + 66*l + 56. Let w be t(31). Let v = -1157 - w. Is v composite?
True
Let l be (0/(5 - -1))/(-1). Suppose -6*y + 11980 + 44366 = l. Is y prime?
True
Let h = 4526 - 2783. Let o = h - 36. Is o a prime number?
False
Let s be (-12)/8 + (-2 - (-106)/4). Suppose s*i + 57 = 26*i. Let x(d) = d**2 - 20*d + 56. Is x(i) a prime number?
True
Let c = 2666 + -2096. Let i be (0 + (-53)/3)*3. Let g = i + c. Is g prime?
False
Suppose -h - 5*h = -11676. Suppose -h = -10*y + 4364. Is y a composite number?
False
Suppose 16*c - 27*c = -1145815. Is 5*(c/75 + 10/(-15)) prime?
False
Let f = -289 - -286. Is 159/3 + f - -1 composite?
True
Suppose 60*n = 53*n + 122*n - 12102485. Is n a composite number?
False
Let u be 2 + 2 - 2076*1. Let h = -91 - 1350. Let q = h - u. Is q a prime number?
True
Let i(u) = 1222*u**2 + 103*u - 213. Is i(2) composite?
True
Suppose c - 4*l - 29183 + 5558 = 0, 5*c + 5*l - 118250 = 0. Is c prime?
False
Let t(j) = 2*j**2 + 30*j + 200. Let w be t(-18). Suppose -307*y - 557 = -w*y. Is y prime?
True
Let p(o) be the third derivative of 59*o**4/8 + 53*o**3/6 + 4*o**2 - 7. Is p(10) a prime number?
True
Let m = -67 - -69. Suppose 0 = 5*h - m*j - 13419, 2*h + 5*j - 4821 = 535. Is h a prime number?
True
Suppose 2*y = 2*j - 22 - 46, -5*y = 6*j + 225. Suppose -h - 5*g - 9 = 0, 8 = -5*g + g. Is (h + y/6)/(4/(-8)) a prime number?
True
Suppose 0 = -18*h + 13*h. Suppose -x - 1509 + 4694 = h. Suppose 0 = -6*n + 1657 + x. Is n a composite number?
True
Let c(y) = y**3 + 15*y**2 + 26*y + 2. Let l be c(-13). Suppose 0 = l*z + 12*z - 10402. Is z prime?
True
Let z be 2 + 1117 + (27 - 28). Suppose 517 = 3*t - z. Is t a prime number?
False
Let r = 3109 + 43438. Is r a composite number?
True
Let g be ((-21)/9 + 4)/(3/126). Let n = 58 - g. Is (1828/n)/((-1)/3) composite?
False
Let u = -1240698 - -1812929. Is u a composite number?
True
Suppose -c - 112 = -4*r, -4*r - 2*c = -5*c - 104. Suppose -3*k - t + r = -10, 4*k - 2*t = 62. Let l(g) = 2*g**2 + 5*g + 11. Is l(k) prime?
False
Let m = -6103 + 97062. Is m composite?
True
Suppose 0 = -b - 4*b + 5*y + 30030, -2*y - 24014 = -4*b. Let v = b - 2055. Is v composite?
True
Suppose 0*o = -5*y - 3*o + 55416, -5*y = o - 55412. Suppose -11*n - 5*m - 16612 = -14*n, 2*n + 4*m = y. Is n prime?
False
Suppose -2*t - p = -1144, -2*p + 1101 = 3*t - 615. Let r = t + 1941. Is r prime?
False
Suppose -132 = -3*u + 36. Let c = u - 53. Suppose 0 = y - 3*y + 3*z + 3931, 5874 = 3*y + c*z. Is y a prime number?
False
Is 7084352/40 + (-57)/(-285) composite?
False
Let q = 864336 - 248731. Is q prime?
False
Is 50458635/189 + (-8)/(-84) prime?
True
Let f(g) = -48 - 28*g - 94*g + 54 - 51*g. Let p be f(-3). Let j = p + -114. Is j prime?
False
Suppose 189 = 3*t - 51. Let h = t - 79. Is h + (4 - (-3407 - 3)) a composite number?
True
Suppose -v - c + 3183 + 606 = 0, 0 = -2*v - 5*c + 7590. Let u = v + -2044. Is u prime?
True
Let j = -700 - -1123. Suppose -6*l - j + 3 = 0. Is (l/25)/(-7) + 2213/5 prime?
True
Let j(x) = 270*x**3 - 7*x**2 + 5*x - 1. Let c(u) = 541*u**3 - 13*u**2 + 11*u - 4. Let t(v) = 4*c(v) - 7*j(v). Is t(5) composite?
False
Let v = 62 - 49. Let i = -8 + v. Let o(c) = 78*c**2 + 7*c - 12. Is o(i) composite?
False
Let g(b) = -1621*b - 269. Is g(-2) a prime number?
False
Let n be -5 + 10 + -7 + 4/(-1). Let o(s) = -2*s**2 - 14*s - 9. Let l be o(n). Suppose i - 1012 = -0*j - l*j, 0 = -2*j + 3*i + 693. Is j composite?
True
Let n(l) = 3*l + 938. Is n(-23) prime?
False
Let u = -29 - -31. Let v = u - 3. Is v + 985 + (-4 - -5) + 0 a composite number?
True
Suppose -3*q = 4*r - 110459, 0 = 3*r - 5*q - 358 - 82450. Is r composite?
False
Let p = -878 - -879. Is (36 - p)*474398/230 a prime number?
False
Suppose 9*p = 17*p + 4856. Let h = -336 - p. Is h prime?
True
Let l = -2931 - -7741. Suppose 3*g - 550 = -l. Let f = -462 - g. Is f a prime number?
False
Is 46334 - (1800/250 + (-1)/5) prime?
True
Suppose 14720 = -24*q + 137384. Is q a composite number?
True
Let h be 3/(10/4 - 1). Let g(j) = 3103*j + 15. Let y(x) = -25*x. Let t(u) = g(u) - 6*y(u). Is t(h) composite?
False
Let t be (-1)/(1*-1*3/618). Let q be -57*(-2 - (-3 - t/(-6))). Suppose -6*p = -3*p + 3, -5*b = -5*p - q. Is b a composite number?
False
Let d(x) = -x - 5. Let z(b) = 2*b + 11. Let j(r) = -5*d(r) - 2*z(r). Let g be j(2). Suppose 5*q - 524 = -2*n, -g*q + 8 = -2. Is n a prime number?
True
Let g(p) = 32*p + 48*p + 2*p**2 - 10*p - 3*p - 49. Is g(-36) prime?
True
Let p(d) = -2600*d**3 - 4*d**2 - d - 21. Is p(-4) prime?
True
Suppose -8*u = 5*u - 96993. Suppose -22*k + u = -8753. Is k a composite number?
True
Suppose 0 = -4*l - 3*p + 60, -3*p = -l - 5*p + 20. Let q(n) = 34*n**2 - 15*n + 137. Is q(l) composite?
True
Let n = 339822 + -110728. Is n composite?
True
Let u(c) = -41*c**3 + c**2 - 6*c + 11. Is u(-7) a composite number?
True
Let x(u) = 22 - 852*u - 26 - 53. Let l(p) = 284*p + 19. Let f(g) = 17*l(g) + 6*x(g). Is f(-4) a composite number?
False
Let r be 216 - (-4 + 0) - -4. Let v be r - (-7 - (-8 - -4)). Suppose -5*i - 700 = -5*x, 4*i = -2*x + v + 83. Is x prime?
False
Is 2*(-6)/(-20) - (-122264)/10 prime?
True
Let s(q) = q**2 + 13*q - 34. Let p be s(-15). Let o be p*(15/(-5))/3. Suppose b - 1611 = -4*f - o*b, -b - 2050 = -5*f. Is f composite?
False
Let q be (2 - (-3 + 6))/((-2)/12). Suppose -2*r = -2*h + q, 4 = h + 4*r + 1. Suppose -h*k - 73 + 1792 = 0. Is k prime?
False
Suppose -d - 5 = 2*k, -3*k + 0*d = 5*d + 4. Suppose -20*s + 0 = -0. Is s + 1 + k + 105 a composite number?
False
Suppose 4*g + 184 = 360. Let c = -44 + g. Suppose -2*o = -4*y - 5*o + 6917, 3*y + o - 5184 = c. Is y a composite number?
True
Let f = -1441 - -2531. Suppose 4*o + 2*x - 6360 = 0, -x - 48 = o - 1636. Let j = o - f. Is j a prime number?
False
Suppose 760444 = 10*y + 58*y. Let k = y + 12732. Is k composite?
True
Let x be (1/(-1))/((-2)/(-10)). Let t(l) = -13*l + 90. Let q be t(5). Is (-4324)/x - (-5)/q prime?
False
Suppose 0 = -2*f + 8, 4*f = -3*j + 2629208 + 2093915. Is j a composite number?
False
Suppose 13*a + 168*a - 18815131 = 0. Is a composite?
False
Suppose o = -4*d + 113191, 5*o + 59539 = -5*d + 201039. Is d a composite number?
False
Let q be 298720/(-72) - 4/36. Let c = 44 - q. Is c a prime number?
False
Suppose 0 = -320*q + 301*q + 1587279. Is q a prime number?
False
Let b(t) = 1158*t**2 - 14*t - 293. Is b(-14) prime?
True
Let v(s) = -7961*s - 14. Let j(p) = -2654*p - 5. Let r(d) = 17*j(d) - 6*v(d). Let a be r(1). Suppose 0*c - c - 1758 = -2*m, 3*m - a = 4*c. Is m composite?
False
Suppose 176444 = 8*x - 54684. Is x a composite number?
True
Let y(i) = 566*i**2 - 1472*i - 115. Is y(64) composite?
True
Let d(x) = 1451*x**2 - 